*a. What is the units digit of (-6 + 1)*12/x?
6
Suppose -t - 44 - 29 = 0. Let p = t + 171. What is the tens digit of p?
9
Let m(b) be the third derivative of b**6/120 - b**5/30 + 5*b**4/24 - 2*b**3/3 - 4*b**2. Suppose -8*h = -5*h - 9. What is the tens digit of m(h)?
2
Let p(u) be the first derivative of -u**5/24 - u**4/12 - u**3 + 2. Let b(v) be the third derivative of p(v). What is the units digit of b(-5)?
3
Let s = -24 + 339. What is the tens digit of s?
1
Let w(h) = 6*h**2 + 17*h + 12. Let r be w(-6). Let y = r - 23. What is the hundreds digit of y?
1
Let t = 546 + 247. What is the units digit of t?
3
What is the units digit of 1 + 3021/6 + 66/(-44)?
3
Suppose 0 = 5*z + z - 12. Suppose -z*c - 77 = -5*a, 4*a + c - 58 = 1. What is the units digit of a?
5
Let b(c) = 248*c**2 + 4*c + 4. Let n = -107 + 106. What is the units digit of b(n)?
8
Let q(k) = k**2 + 2*k + 1. Let r be q(-2). Let n = 5 - r. Suppose -n*b + 0*b + 72 = 0. What is the tens digit of b?
1
Suppose 5*u = 5*q + 3600, 3*u + 5*q - 2654 = -526. What is the units digit of u?
6
Suppose -4*a + 5 + 7 = 0. Suppose 4*n - 103 = 3*d, 5 = -a*d + 2. What is the units digit of n?
5
Let c be ((-6)/5)/((-6)/20). Let h(x) = c*x - x - 5 - 6 + 12. What is the units digit of h(4)?
3
Suppose -z + 505 = f, -5*z - 4*f + 474 = -2052. What is the tens digit of z?
0
Let j(a) = -a**2 + 9*a - 10. Let c be j(7). Suppose 5*l = -3*h + c*h - 165, 3*l = -2*h - 99. What is the units digit of 1/((-69)/l + -2)?
1
Let v(b) = -b**2 + 8*b + 12. Let r = 5 + 4. Let y be v(r). Let i = y - -15. What is the units digit of i?
8
What is the tens digit of -5 - (-2693 + 35/7)?
8
What is the units digit of 4 - 7 - (-2 + 318/(-1))?
7
Let g(c) = 3*c - 6. Let k(m) = -6*m + 8. Let i(u) = -8*g(u) - 5*k(u). Let x(d) = 4*d - 5. Let h be x(4). What is the tens digit of i(h)?
7
What is the hundreds digit of 94/(-423) + (-1631)/(-9)?
1
Suppose -k - 5*f + 614 - 116 = 0, -522 = -k + f. What is the units digit of k?
8
Let q(d) = -4*d**2 + 2. Let r(k) = -11*k**2 + k + 7. Let p(h) = -8*q(h) + 3*r(h). Let v(o) be the first derivative of p(o). What is the tens digit of v(-4)?
1
Suppose -5 = -3*u + 7. What is the units digit of -8 - -14 - (1 - u)?
9
Suppose 3*m = -6, 17376 - 51770 = -5*o - 3*m. What is the tens digit of 2/(-13) - o/(-104)?
6
Let l = 30 + -30. Suppose l = 2*v + y - 74, -22 = 5*y - 2. What is the units digit of v?
9
Suppose 4*f - 2*c + 30 = 0, -2*f - c + 4*c = 25. Let u = 53 - f. What is the tens digit of u?
5
Let w(b) = -15 - 27*b - 19*b + 41*b. What is the units digit of w(-10)?
5
Suppose 8081 = 9*m - 27595. What is the thousands digit of m?
3
Suppose 8*t - 139 = 3317. What is the hundreds digit of t?
4
Suppose -5355 = 7*y - 16*y. What is the units digit of y?
5
Let t = -63 + 8. Let b = 11 + -17. Let p = b - t. What is the tens digit of p?
4
Suppose b = 80 + 59. Let l = -98 + b. What is the units digit of l?
1
Let m(l) = -l**3 + 33*l**2 + 14. What is the tens digit of m(33)?
1
Suppose 29*z - 27*z - 12 = 0. Let a = z - -335. What is the tens digit of a?
4
Let d(h) = 20*h**3 + h**2 - h - 3. Let w be d(2). Suppose -w = -4*f + f. What is the units digit of f?
3
Let i(v) = v**3 - 10*v**2 + 6. Let a be i(10). Let t(l) = 4 - a - 5*l**3 - 7*l + 11*l**2 + 4*l**3. What is the tens digit of t(10)?
2
What is the thousands digit of -3 + 1400 + 8 + -6?
1
Suppose 5*k + 0*h + 4*h + 259 = 0, -5*h = -20. What is the tens digit of 4/(-10) + (-12837)/k?
3
Let b = 53 + -53. Suppose -3*f + 75 = -b*f. What is the tens digit of f?
2
Suppose -3*l - 865 = -s, 5*s + 4*l - 3256 = 1012. Let p = s - 604. What is the units digit of p?
2
Let i = -6 - -8. Suppose -i*h - 1 = -7. Suppose a = h*a - 56. What is the tens digit of a?
2
Let y(x) = 14*x - 67. Let j be y(5). Let g(l) = 6 - 7*l + 10*l + 8*l. What is the units digit of g(j)?
9
Suppose 8*p = 4*p + 28. Let j(c) = 40*c - 64. What is the units digit of j(p)?
6
Let l be 10/((-3)/3 + 2). Suppose 3*t - 4 + l = 0. What is the tens digit of 13*1/(-2)*t?
1
Let u = 17 + -22. Let t(m) = -12*m + 3. What is the tens digit of t(u)?
6
Let h(b) = b**2 + 10*b - 25. Let o be h(-12). What is the units digit of (410/(-4))/((-9)/6 - o)?
5
Let v = -62 + 53. What is the tens digit of (1 - 22/(-3))/((-1)/v)?
7
What is the tens digit of ((-7)/21 - -1)/(7/40635)?
7
Suppose 10*x + 22332 = 14*x. What is the hundreds digit of x?
5
Let q(g) = -12*g**3 + 2*g**2 + 3*g + 2. Let f be q(-1). Let u = 37 + f. What is the units digit of u?
0
Suppose 39 = 2*j + r, -14*r + 9*r = -3*j + 78. What is the units digit of j?
1
Let i(z) = -39*z**2 - 6*z - 111. Let x(b) = -8*b**2 - b - 22. Let v(u) = -5*i(u) + 24*x(u). What is the units digit of v(-7)?
2
Let c(t) = -3*t**2 - 19*t - 15. Let v(u) = -u**2 - 6*u - 5. Let w(r) = -4*c(r) + 11*v(r). Let s be w(-9). What is the tens digit of 6/s*170/(-15)?
1
What is the hundreds digit of (2/(-9) - (-20024)/36)*1?
5
Let j = -3 - -7. Suppose -j*u - 210 = -6*u. Suppose 2*c + 3*c = u. What is the tens digit of c?
2
Let y = 14 - 13. Let c(v) be the first derivative of 23*v**4/4 - v**3/3 + v**2 - v - 1. What is the tens digit of c(y)?
2
Let i(t) = 45*t - 5. Let p = 47 + -45. What is the tens digit of i(p)?
8
Let x be (-2)/(-5) - 1430/(-50). Let s = x - -59. What is the tens digit of s?
8
Let i be (8 - -3) + -4 - 1. What is the tens digit of (0 + 3 - 0) + 408/i?
7
Let h(l) = l**3 + 6*l**2 + 8*l - 1. Let j be h(-4). Let z be (j + 0)/(-1) - 1. Suppose z = t + 4*t - 240. What is the tens digit of t?
4
Let g = -474 - -837. Suppose -2*b = -g + 33. What is the tens digit of b?
6
Let b(q) = -2*q + 12. Let n be b(5). Suppose 77 = -n*x + 3*x. What is the tens digit of x?
7
Let u(l) = 27*l + 12. What is the hundreds digit of u(14)?
3
Let d = 15 - 15. Suppose d*b = 3*b + 150. What is the tens digit of 30/b + 216/10?
2
Suppose 3*n + 0*n - 5*u - 1073 = 0, 3*u + 1799 = 5*n. What is the units digit of n?
1
What is the units digit of (-2)/(-9) - 71036/(-126)?
4
Suppose -225*l = -229*l + 8. Suppose l*y - 412 = 4*n, -33 = -y - 2*n + 157. What is the units digit of y?
8
Let d = 189 - 373. Let i = d + 275. What is the units digit of i?
1
Suppose -22*y - 15440 = -83310. What is the tens digit of y?
8
Suppose s - 65 = -5*m, 3*s + 4*m - 217 = -0*s. Suppose 0 = 3*j - s - 42. Suppose -4*k + 111 = -5*r, k + r = -0*k + j. What is the units digit of k?
4
Suppose -14 + 9 = -s. Suppose s*k = 8*k - 249. What is the units digit of k?
3
Let s = 108 - 84. Suppose s = -r + 51. What is the tens digit of r?
2
Let q = -1845 - -3333. What is the hundreds digit of q?
4
Let z be (-4)/10 + 12/5. Let h be 39*((-2)/3)/z. What is the units digit of (-32)/10*(h + -2)?
8
Let t(b) = -3*b - 11. Let n be t(-2). What is the hundreds digit of (-6 - n)*-249 + 4?
2
Let v = -299 - -452. What is the units digit of (v/(-6))/(-2 - (-44)/24)?
3
Let b(i) = -3*i - i + 2*i + 4*i. Let s be b(2). Suppose a - 11 = -n, -s*a - n = 4*n - 48. What is the units digit of a?
7
Suppose -4*n + h + 18 + 2907 = 0, -3*h = 2*n - 1473. What is the hundreds digit of n?
7
Suppose 8*a - 3*a = 2*r + 1107, a - 222 = r. What is the tens digit of a?
2
Let f(o) = -38*o + 759. What is the tens digit of f(-57)?
2
Suppose 0*m - 278 = -3*l - 5*m, 3*l + m - 286 = 0. Suppose 3*h + l - 327 = 0. What is the tens digit of h?
7
Let o(y) = 80*y**2 - y + 1. Let x be o(1). Let n = -125 - -181. Let i = x - n. What is the tens digit of i?
2
Suppose -4*o = -d + 3*d - 12, 5*d = 3*o - 35. Suppose 5*x + o*i + 20 = 0, -i - 2 = -0*i. Let h = 33 - x. What is the tens digit of h?
3
Let o = -10 - -36. Suppose 0 = o*h - 29*h. Suppose h = g - 16 - 4. What is the tens digit of g?
2
Let w = -17 + 19. Suppose 3*n = 2*r + 10, 5*n - 2*r - 20 = w*r. Suppose n = 2*b + 2*b, -q - 2*b = -32. What is the tens digit of q?
3
Let g = -22 - -9. Let p be (g - -10)/((-6)/10). Suppose 3*m = -2*o + 38 + 47, 0 = 3*m + p*o - 82. What is the tens digit of m?
2
Let p = 5 - 2. Suppose -p*q + 19 - 2 = 2*l, -q - 31 = -3*l. What is the tens digit of l?
1
Suppose -6*k + 840 - 252 = 0. What is the units digit of k?
8
Suppose 12 = -3*d, m - 4 = -4*d + 11. Let k = m + -25. What is the units digit of k?
6
Let v(f) = f**3 + 2*f - 2. Let w be v(2). Let l(k) = k**2 - 8*k - 8. What is the units digit of l(w)?
2
Let u(i) = 2*i + 32. Let b(h) = h + 16. Let w(o